?
False
Is 44709559 prime?
True
Is 58430869 a prime number?
False
Is 5180609 composite?
True
Is 7616081 a composite number?
True
Is 24199957 a composite number?
True
Is 80359511 composite?
True
Is 6789449 composite?
True
Is 431251 a composite number?
False
Is 822221 composite?
False
Is 268795763 prime?
True
Is 36567511 a prime number?
True
Is 19012199 composite?
False
Is 19367571 a composite number?
True
Is 21931841 a composite number?
False
Is 17746121 prime?
False
Is 32703913 a composite number?
True
Is 2262583 a composite number?
True
Is 1629851 a prime number?
True
Is 79484057 a composite number?
False
Is 8591921 a composite number?
True
Is 4669177 prime?
True
Is 31703687 prime?
False
Is 14173361 a prime number?
True
Is 172908317 prime?
True
Is 99877037 prime?
False
Is 53109029 composite?
False
Is 3001919 composite?
False
Is 54802493 a prime number?
False
Is 17043869 composite?
True
Is 6319981 prime?
True
Is 584429 a composite number?
False
Is 28050877 a prime number?
False
Is 376249589 composite?
False
Is 7351595 a prime number?
False
Is 465887 prime?
True
Is 269998717 a composite number?
False
Is 1365761 composite?
False
Is 444929 a prime number?
True
Is 387324935 a prime number?
False
Is 59191279 composite?
True
Is 11818393 a composite number?
False
Is 47710106 a composite number?
True
Is 53759597 composite?
False
Is 590518 a composite number?
True
Is 283194371 a composite number?
True
Is 6020038 a composite number?
True
Is 15667165 a composite number?
True
Is 11014843 composite?
True
Is 17917789 prime?
False
Is 229270351 a composite number?
False
Is 34370366 prime?
False
Is 27563489 a prime number?
True
Is 212723 composite?
True
Is 1459027 prime?
True
Is 22439243 a prime number?
False
Is 1205081 composite?
False
Is 383639 composite?
True
Is 65815751 composite?
False
Is 142355793 composite?
True
Is 178070117 prime?
False
Is 27191218 a prime number?
False
Is 76595317 a prime number?
True
Is 14382353 composite?
False
Is 21278858 composite?
True
Is 3235247 prime?
True
Is 2665547 a prime number?
True
Is 2356259 composite?
False
Is 79630373 a composite number?
False
Is 9375871 a composite number?
False
Is 15231989 a prime number?
False
Is 200824909 a prime number?
False
Is 5895338 composite?
True
Is 3956737 composite?
False
Is 30269903 a prime number?
True
Is 111034289 composite?
False
Is 209653001 a composite number?
True
Is 17713063 a composite number?
True
Is 63096557 composite?
False
Is 40923959 a prime number?
False
Is 1373321 prime?
True
Is 7323461 a composite number?
True
Is 10291429 composite?
True
Is 1443731 a composite number?
True
Is 107195653 prime?
False
Is 20463041 a prime number?
False
Is 300691 composite?
False
Is 6018239 prime?
True
Is 51410017 prime?
True
Is 73159 prime?
False
Is 3094907 a composite number?
False
Is 10512533 a prime number?
True
Is 246341 prime?
False
Is 70471313 a composite number?
True
Is 552754117 prime?
True
Is 16969471 a composite number?
True
Is 2530589 prime?
False
Is 6760403 prime?
False
Is 48481057 prime?
False
Is 492389 prime?
True
Is 58639 a composite number?
True
Is 1861931 a prime number?
False
Is 31622649 prime?
False
Is 2166137 a prime number?
True
Is 24981251 a composite number?
True
Is 225699163 a composite number?
False
Is 2242897 prime?
False
Is 27220759 prime?
False
Is 6008893 a composite number?
True
Is 115339 composite?
True
Is 261247521 prime?
False
Is 309487949 a prime number?
True
Is 727163 a prime number?
False
Is 4280233 a composite number?
True
Is 270822119 composite?
False
Is 273921341 a prime number?
True
Is 6686591 a composite number?
False
Is 176927 composite?
False
Is 62844281 composite?
True
Is 4646683 composite?
True
Is 4337819 composite?
False
Is 285810769 composite?
True
Is 1931357 a prime number?
True
Is 3442841 composite?
False
Is 6154313 a prime number?
False
Is 1929233 a prime number?
False
Is 164261 a prime number?
False
Is 1453091 a composite number?
False
Is 10357829 composite?
False
Is 2962067 prime?
True
Is 25570445 a prime number?
False
Is 4420803 composite?
True
Is 13070111 a prime number?
True
Is 514123538 composite?
True
Is 45080923 a prime number?
False
Is 298963 prime?
False
Is 1019951 a prime number?
False
Is 170799229 a prime number?
False
Is 13999003 a prime number?
True
Is 6204479 composite?
False
Is 917461 a prime number?
True
Is 25882151 a prime number?
True
Is 4830649 a composite number?
False
Is 39346829 prime?
False
Is 652491949 a composite number?
False
Is 57843157 a prime number?
False
Is 90834707 a prime number?
True
Is 1454177 composite?
False
Is 641647 a composite number?
True
Is 4356431 a composite number?
False
Is 40443353 composite?
False
Is 13655407 a prime number?
False
Is 2003999 a prime number?
True
Is 23803433 a prime number?
True
Is 11233919 a prime number?
True
Is 557981 composite?
False
Is 102758291 a composite number?
True
Is 420889 prime?
False
Is 31680067 composite?
True
Is 34087 a prime number?
False
Is 18332777 a prime number?
False
Is 1039543 composite?
False
Is 71899 prime?
True
Is 24066073 prime?
False
Is 207424783 a prime number?
True
Is 197376281 a composite number?
False
Is 97425547 a prime number?
False
Is 2200799 composite?
False
Is 81125509 prime?
False
Is 3257203 composite?
False
Is 95302859 a prime number?
False
Is 3954817 composite?
True
Is 5762597 prime?
True
Is 1477313 prime?
False
Is 17782617 a composite number?
True
Is 57142907 a prime number?
True
Is 6906853 prime?
True
Is 3134519 prime?
True
Is 10842799 a composite number?
True
Is 6749747 a prime number?
True
Is 85184947 composite?
True
Is 7469089 a prime number?
False
Is 137564489 a prime number?
False
Is 21445247 a prime number?
True
Is 26800421 a prime number?
False
Is 2361629 a composite number?
False
Is 1346881 a composite number?
False
Is 769693 prime?
False
Is 16785131 a prime number?
False
Is 1844149 prime?
False
Is 15901609 composite?
False
Is 199044821 a composite number?
True
Is 223021 a composite number?
True
Is 6666743 a prime number?
False
Is 650402 composite?
True
Is 8159681 composite?
False
Is 36444257 a composite number?
False
Is 150129301 a prime number?
False
Is 40950517 a composite number?
False
Is 408445 composite?
True
Is 56810807 a composite number?
False
Is 27432803 a prime number?
True
Is 2056381 a prime number?
True
Is 132358207 composite?
False
Is 66161 composite?
False
Is 363283 a composite number?
True
Is 36169513 a prime number?
True
Is 101096329 a prime number?
True
Is 4584379 a prime number?
True
Is 30297619 a composite number?
True
Is 1064021 a prime number?
False
Is 12704105 a composite number?
True
Is 1340615 a prime number?
False
Is 117486091 a prime number?
True
Is 73297817 a prime number?
True
Is 132008467 composite?
False
Is 445017 a composite number?
True
Is 1218901 a prime number?
True
Is 12123703 a prime number?
False
Is 196677203 prime?
False
Is 71810153 a composite number?
True
Is 3542795 a prime number?
False
Is 15822479 a prime number?
True
Is 6771199 a prime number?
False
Is 207649 prime?
False
Is 8161687 composite?
False
Is 15444469 prime?
True
Is 133593101 a composite number?
False
Is 23162879 prime?
False
Is 132290801 prime?
True
Is 36105139 composite?
True
Is 1809893 a composite number?
True
Is 43604989 a composite number?
True
Is 9530723 a prime number?
False
Is 4300297 a prime number?
True
Is 248047883 a prime number?
True
Is 1682801 prime?
True
Is 82417393 a prime number?
True
Is 240899369 a prime number?
True
Is 105038567 prime?
True
Is 8934577 a composite number?
True
Is 1546627 composite?
False
Is 2910599 a prime number?
True
Is 334504513 composite?
True
Is 449457527 a prime number?
False
Is 10187599 composite?
False
Is 2292347 a prime number?
True
Is 2671777 prime?
True
Is 7520153 composite?
True
Is 305754721 prime?
False
Is 24309719 a composite number?
True
Is 151440742 prime?
False
Is 11108377 a prime number?
False
Is 374000093 composite?
True
Is 38311967 composite?
False
Is 4792319 composite?
True
Is 3085051 a composite number?
True
Is 14024119 a composite number?
True
Is 2094737 prime?
True
Is 269617 a composite number?
False
Is 212714539 a prime number?
False
Is 61209479 composite?
False
Is 752009 composite?
False
Is 9212477 a prime number?
True
Is 6597431 composite?
False
Is 268721543 compos